 -4. What are the prime factors of (-16)/(-6) + p/(-6)?
2
Let w = 1 - 0. Let h be (8/6)/(w/3). Suppose -h*b + 5 + 31 = 0. List the prime factors of b.
3
Let w(v) = v**3 + v**2 - v + 66. Let s be w(0). Suppose 0 = -14*t + 11*t + s. What are the prime factors of t?
2, 11
Let n(y) = -3*y**3 - y**2 + 3*y + 2. What are the prime factors of n(-2)?
2
Suppose 9*u - 2719 + 136 = 0. What are the prime factors of u?
7, 41
Suppose 0 = t - 3. Suppose 0 = -3*h + 5*x + 39, -2*x - 93 = -5*h - t*x. List the prime factors of h.
2, 3
Suppose -2 = -3*g + 13. Suppose 4*p = -0*p + 12. Suppose 5*x + g = a + 21, p*a = x + 8. What are the prime factors of a?
2
Let h(q) = -38*q**3. Let g be h(-1). Let m = 16 + -11. Suppose -o + m = x - 1, -3*x = -2*o - g. List the prime factors of x.
2, 5
Let w(d) = -d - 15. Let x be w(-11). What are the prime factors of (-90)/(-4) - (-6)/x?
3, 7
Suppose -3*f + 5*m + 10 = 0, 5*m + 10 = -4*f - 0*m. Suppose -6*v + v + 20 = f. List the prime factors of v.
2
Suppose 54 = c - 2*v, -315 = -5*c - 3*v - 45. List the prime factors of c.
2, 3
Let m be -1 + (-3)/(-4 + 1). Let q = m - -10. Let h = q + -2. What are the prime factors of h?
2
Let k = 17 + -24. Let j = 13 - k. List the prime factors of j.
2, 5
Let n(c) = 5 - 3 + 0*c - c**2 + 4*c. Let t be n(3). What are the prime factors of (2/4)/(t/150)?
3, 5
Let l = -39 - -9. List the prime factors of 40*1*(-12)/l.
2
Let q(o) = -2*o**2 + 17*o. What are the prime factors of q(7)?
3, 7
Let h be ((-22)/8)/((-2)/32). Suppose q - 4 = -4*c, 4*q - h = -0*c - 2*c. List the prime factors of q.
2, 3
Let o(v) = 2*v - 7. Let m be o(5). Suppose m*f - 21 = -5*q - f, q + 11 = 3*f. Suppose 4 + q = s. List the prime factors of s.
5
What are the prime factors of 129/15 - 4/(-10)?
3
Suppose -2*i = -2*s - 3 - 1, 2*i - 7 = s. Suppose -2*a + 61 = 5*l, -6*a = -i*a - 3. What are the prime factors of l?
11
Suppose 0*t + 33 = t + 2*y, 0 = -3*t - 4*y + 95. List the prime factors of t.
29
Let v be (-21)/(-15) - (-8)/(-20). Suppose 2*m - v = 2*k + 15, 0 = -2*m + 3*k + 18. What are the prime factors of m?
2, 3
Suppose 0 = 3*h - 5*h + 132. What are the prime factors of h?
2, 3, 11
Let t(j) = -j + 1. Let o be t(9). Let d be -1 - 4/(o/(-70)). What are the prime factors of (-5)/((-75)/d)*-5?
2, 3
List the prime factors of ((-10)/(-4))/((-2)/(-40)).
2, 5
Let i(a) = a**3 - 11*a**2 + 3*a + 10. Let w be -5*(1 + (-16)/5). What are the prime factors of i(w)?
43
Suppose 3*t = -3*a + 1128, 2*t + 1765 + 150 = 5*a. What are the prime factors of a?
3, 127
Let a(t) = -2*t**3 - t**2 - t - 2. Let u be a(-2). Let b(j) = j**2 - 11*j + 12. List the prime factors of b(u).
2, 3
List the prime factors of 2/(-4) - (-945)/14.
67
Let z = -48 - -84. List the prime factors of z.
2, 3
Let b = 3 - 1. List the prime factors of (5/(-1))/(b/(-8)).
2, 5
Suppose 3*u - 2*u - 28 = 0. What are the prime factors of u?
2, 7
Let n(k) = -10*k - 2. Let g(r) = 5*r + 1. Let z(a) = 5*g(a) + 2*n(a). Let q be z(2). What are the prime factors of q/2 - (-2)/4?
2, 3
Suppose 33 = -4*y - 43. List the prime factors of y/(-2) - 4/(-8).
2, 5
Let t = 3 - 10. Let l = t + 34. Let b = l + -9. List the prime factors of b.
2, 3
Let w(x) be the third derivative of x**2 + 0 - 1/6*x**3 + 0*x - 1/12*x**4. List the prime factors of w(-4).
7
Suppose -213 - 96 = -5*w + 3*r, 2*w = 3*r + 129. What are the prime factors of w?
2, 3, 5
Let g(m) = 2*m - 1. Let a be g(4). Let k(l) = 2*l - 3. What are the prime factors of k(a)?
11
Suppose 5*m - 5*o + 15 = -0*o, 5*o = -2*m + 29. Suppose -l + 4*l - 46 = m*g, 0 = 2*l + 5*g - 37. List the prime factors of l.
2
Let t = -141 + 285. Suppose 7*k - 3*k = t. What are the prime factors of k?
2, 3
What are the prime factors of (0 - -3)/(-9)*1*-501?
167
Let l(p) be the second derivative of p**4/12 + p**3/6 + 3*p**2 + 2*p. List the prime factors of l(0).
2, 3
Let r(c) = 8*c**2 + 2*c + 21. List the prime factors of r(-6).
3, 11
Suppose 4*s + 3 = 6*s - 5*a, -4*a - 2 = -2*s. Let d(x) = x**3 + x**2 + x + 1. Let z be d(s). Suppose z = w + 7 - 17. List the prime factors of w.
2, 5
Suppose 0 = -2*d + 15 + 35. What are the prime factors of d?
5
Let h(d) = -3 - 2*d**2 + 0 - 2*d**2 + 5*d**2 - d. List the prime factors of h(4).
3
Let j(k) = k**2 - 5*k + 2. Suppose 0 = -c + 3 + 3. What are the prime factors of j(c)?
2
Suppose q + 5*q = 300. List the prime factors of q.
2, 5
Let u = 64 + 13. What are the prime factors of u?
7, 11
Suppose 2*f = -2*n + 42, f = 4*n - 6 - 93. List the prime factors of n.
2, 3
Suppose -7*k - 27 = -608. What are the prime factors of k?
83
Let b(w) be the third derivative of w**5/30 - w**4/6 - w**3/2 - 8*w**2. What are the prime factors of b(-4)?
3, 5
Suppose -90 = -3*y + 6. List the prime factors of y.
2
Let m(i) = 48*i + 15. List the prime factors of m(5).
3, 5, 17
Suppose 0 = -2*w - 3*w. Suppose 5*l = -w*l + 30. List the prime factors of 1 + 4 - (4 - l).
7
Let o(i) = -89*i**3 + i**2 + 3*i + 2. What are the prime factors of o(-1)?
89
Suppose 50 = 4*i - 26. Suppose -3*p + 4*p = i. List the prime factors of p.
19
Suppose -y + 4 = 1. Let s = -22 - -27. Let v = s - y. What are the prime factors of v?
2
Let y(i) = -i**2 - 4*i + 1. Let z be y(-4). Let w(u) = u. Let g be w(z). Suppose 13 = c + g. What are the prime factors of c?
2, 3
Let t(o) = -o**3 - 3*o**2 + 2*o - 1. Let k(w) = -4*w - 1. Let b be k(2). Let y = 5 + b. List the prime factors of t(y).
7
Let o = 7 + -5. Suppose o*g = -g + 15. Suppose -2*s + 60 = g*r, -4*r + 53 + 12 = 5*s. What are the prime factors of r?
2, 5
Let b be (0 - 0 - 9)*3. Let p = b - -38. What are the prime factors of p?
11
Let s = 80 + -67. What are the prime factors of s?
13
Suppose 4*n = -2*r - 0*n + 18, -2*n + 15 = -5*r. Let y = r - -26. What are the prime factors of y?
5
Let r(l) = 3*l**2 - 5*l - 5. What are the prime factors of r(-3)?
37
List the prime factors of -4 + 3 - 13*-1.
2, 3
Suppose -3*o = -k + 2, 22 = 3*k + 3*o - 8. List the prime factors of k.
2
Let g(r) be the third derivative of r**6/120 - r**4/8 + 2*r**3/3 + 5*r**2. What are the prime factors of g(3)?
2, 11
What are the prime factors of (-8)/((-16)/161)*2?
7, 23
Let a(d) = 5*d**3 + 1. Let v be a(1). Suppose -v*z = -3*z - 15. Suppose -28 = -m + 5*i, 2*m - z*i - 19 = 4*m. List the prime factors of m.
3
Let v = 21 - 17. Suppose -v + 69 = 5*h. List the prime factors of h.
13
Let q = 10 + -6. Suppose 3*t - 2 = q. What are the prime factors of t?
2
Let b be -2 - (-4)/((-12)/(-15)). Suppose -3*l + 57 = -3*n, -2*l + 35 + b = n. Suppose 5*r = -5*x + 50, -x + l = r + r. List the prime factors of r.
3
Let l = 7 - 10. Let d be 2/6 + (-17)/l. Let r(c) = -c**3 + 5*c**2 + 9*c - 7. List the prime factors of r(d).
11
Let m(z) = z**3 - 6*z**2 - z + 4. Let o(q) = q + 6. Let c be o(0). Let k be m(c). List the prime factors of (k - -4)/((-1)/(-4)).
2
Suppose 8 + 0 = -4*o + 2*s, 2*s = -5*o - 10. Let v(p) = -3*p**2 + 2*p - 3. Let d be v(2). Let w = o - d. What are the prime factors of w?
3
List the prime factors of 397 - (-20)/(-5) - (-3 - -1).
5, 79
Suppose 0 = -5*k + 2*k - 60. What are the prime factors of -2 - (0 + k + 3)?
3, 5
Let j = -167 + 240. Suppose -145 + 31 = -4*n + 3*l, 0 = 3*n + 4*l - j. Suppose 0 = -q - 3*u + n, -4*q + 3*u = -u - 60. What are the prime factors of q?
2, 3
Let m = -4 + 4. Suppose 0 = 2*k - 8, -2*q - 2*k + 14 = -m*k. Suppose 4*j = -q*n + 13 - 1, -2*j - 2*n + 4 = 0. List the prime factors of j.
2, 3
Let q(r) = r**3 + 5*r**2 + 5*r + 2. Let k be q(-3). Let a(z) = -z**2 + 8*z - 3. Let c be a(8). Let f = c + k. List the prime factors of f.
2
Let n(h) = 27*h - 2. List the prime factors of n(7).
11, 17
Suppose -2*p - 10 = -7*p. Suppose -p = c - 5. What are the prime factors of c?
3
Suppose -d = -4*d + 117. What are the prime factors of d?
3, 13
Suppose 0*j + 2 = 2*j. Let s(x) = 28*x**2 + x - 1. List the prime factors of s(j).
2, 7
Let j(a) = -6*a - 2. Let m be j(-1). Suppose -2*v = 3*o - o - 40, -v = -m*o + 60. What are the prime factors of o?
2
Let g(q) = -q**3 + q**2 + q + 22. Let s be g(0). Suppose -r = r - s. List the prime factors of r.
11
Let z be -3 + -3 + 0 + 2. Let b(w) = 2*w - w + 9 + 0*w. What are the prime factors of b(z)?
5
Suppose 4*i - 396 = -5*v, 166 = 2*v + 4*i + 10. What are the prime factors of v?
2, 5
Let o(z) = -4*z - 5. Let p be o(4). Let 